6/4) - 30/5. What is the tens digit of s(n)?
5
Let p(w) = -54*w - 1. Let r(z) = z**3 + 5*z**2 + 5*z + 3. Let i be r(-4). What is the units digit of p(i)?
3
Suppose -3*j + 32 = -k, j = -4*j + k + 52. Suppose -110 = -4*v - j. What is the tens digit of v?
2
Let h = 291 - 205. Let q be (h/4)/(2/4). Suppose -z + q = -3*w, -73 + 217 = 4*z - 5*w. What is the tens digit of z?
3
Let o(r) = r**3 - 14*r**2 + 14*r - 6. Let v be o(13). Suppose 76 = -v*m + 3*m. Let w = m - -53. What is the tens digit of w?
3
Suppose -2*l = 2*l + 44. Let w(y) = -7 - 72*y**2 + 149*y**2 + 6*y - 76*y**2. What is the units digit of w(l)?
8
Let t = 987 - 606. What is the units digit of t?
1
Let q(p) = -p**2 - 7*p - 6. Let z be q(-6). Suppose -n + 21 = 3*k, z = k - 2*n - 3 - 11. What is the units digit of k?
8
Suppose -2*k - 4*c = -3*k - 22, -2*c + 10 = 0. Let f be 1 - (k + 1 + -8). What is the tens digit of 128/5 + (-6)/f?
2
Suppose -3*s - 6 = 0, 3*s + 14 = 4*x - 0*x. Suppose 0 = -0*b + x*b - 4*v + 14, 0 = -b - 4*v + 11. What is the units digit of b*(26 + 3)*-1?
9
Suppose 0 = -4*i + 5*i. Suppose -2*c = -2*h + 34, -3*c + i*c - h - 71 = 0. Let s = 36 + c. What is the tens digit of s?
1
Let s(t) = -23*t**3 + 2*t**2 - 31*t + 40. What is the thousands digit of s(-6)?
5
Suppose 0 = 3*h + 2*s + 47, 5*h + 2*s + 0*s = -73. Let r be (-17 - h) + 0 + 110. Suppose -r = -3*m + 11. What is the units digit of m?
9
Let w(p) be the third derivative of 0 - 1/6*p**3 - 6*p**2 + 0*p + 1/6*p**4. What is the units digit of w(6)?
3
Let h = 15 + -53. Let j = h - -54. What is the units digit of j?
6
Suppose -37644 = 43*o - 94318. What is the tens digit of o?
1
Let s(w) be the third derivative of w**6/60 + w**5/30 - 5*w**3/6 + 17*w**2. Let a be (1/(-3))/(2/(-18)). What is the tens digit of s(a)?
6
Let r = 9 + -5. Suppose -s = r*s. Suppose s = a - 5. What is the units digit of a?
5
Let j(z) = -z**3 - 2*z**2 - 2*z - 4. Let h be j(-3). Suppose 1896 = 17*b - h*b. What is the units digit of b?
6
Let m(q) = -89*q - 127. What is the hundreds digit of m(-8)?
5
Let s be -2*((-78)/(-30) + (-4)/(-10)). What is the tens digit of ((-3)/s)/((-2)/4) + 71?
7
Suppose -3754 - 1082 = -6*y. What is the hundreds digit of y?
8
Suppose 5*i + 11 = -k - 249, -3*k + 52 = -i. Suppose -136*d + 132*d = 120. Let u = d - i. What is the tens digit of u?
2
Let z(b) = -b**3 + 7*b**2 + 17*b. Let d(y) = y**3 - 19*y**2 + 8. Let h be d(19). What is the units digit of z(h)?
2
Suppose -3*c + 2*h = -696, 0 = -0*c + 2*c - 2*h - 464. What is the tens digit of c?
3
Let j(p) = -p**3 - 12*p**2 + 7*p + 2. Let k be j(-11). Let r be (k/21)/(2/(-6)). Suppose 4*h - r = 12. What is the tens digit of h?
1
What is the hundreds digit of 23/69 - ((-36996)/9 - 3)?
1
Let c = 23 - 42. Let i = c + 27. What is the units digit of 2/(-1)*(-188)/i?
7
Let x(j) = -j**2 - 30*j + 10. Let t(a) = 15*a - 5. Let q(f) = -5*t(f) - 2*x(f). What is the units digit of q(10)?
5
Suppose -4*n - 2*b - 10 = b, -3*n - 20 = -4*b. What is the tens digit of (-1 - n/(-2))*(0 + -39)?
1
Let l be -2*3/(-3) - 0. Suppose l*i - 8 = -0. Suppose -i*g + 106 = -3*n, 8*g - n - 127 = 3*g. What is the units digit of g?
5
Let s be -3*2/4*2. Let v be (s - -45)*4/8. Let j = v - -3. What is the tens digit of j?
2
What is the tens digit of ((-1659 - -8)/(-13))/(2 - 1)?
2
Let j be 30*((-21)/(-6))/7. Let k = 27 - j. What is the units digit of 1/(2/k)*3?
8
Let s = -28 - -30. What is the tens digit of (-5 - -3) + (90 - s)?
8
What is the tens digit of 1*(2922 + -16 + 9)?
1
Let d(y) = -y**2 - 14*y + 4. Let f be d(-9). Let p = f - 40. Suppose -p*b + 8*b = -18. What is the tens digit of b?
1
Let q(k) = 142*k**3 + 2*k - 2. Let b be q(1). Suppose 4*m - 2*m - b = 0. What is the tens digit of m?
7
Suppose -2*z + 676 = -444. What is the hundreds digit of z?
5
Let c(o) = 2*o**3 + 8*o**2 - 5*o + 2. Suppose -1 - 5 = 2*q - 2*v, 3*v = 4*q + 13. What is the tens digit of c(q)?
2
Let o = 4110 - 1665. What is the units digit of o?
5
Suppose 6*x = 2*x - t + 1460, -1850 = -5*x + 5*t. Let l = -234 + x. Let n = l + -76. What is the tens digit of n?
5
What is the hundreds digit of (657 - 75)/(-3*2/(-3))?
2
Let q(v) = v**2 + 2*v. Let m be ((-5)/2)/(1/2). Let s be -4 + 2 + m + 2. What is the units digit of q(s)?
5
Suppose -7*q = -4646 - 9123. What is the tens digit of q?
6
Suppose -m + 3*l = -9, -45 = -3*m + l + 2*l. Let x(r) = 4*r - 50. What is the tens digit of x(m)?
2
Let y = -12 - -12. Suppose -5*s + y*s = -3*q - 453, 2*q = -2. What is the tens digit of s?
9
Let o(p) = 5*p**3 - p. Let h be o(1). Suppose -i + h = -1. Suppose -2*y - 7 = 2*r - 3*r, 0 = y - i. What is the units digit of r?
7
Let k be 2 - 16/4 - (-7)/1. Suppose -42 = -s - k*g, -s + 3*g - 105 = -3*s. What is the tens digit of s?
5
Let x = 34 - 33. Let l(k) = 3*k**3 + 2*k - 1. Let f be l(x). What is the units digit of -72*((-35)/(-10) - f)?
6
Suppose 0 = -4*j + 20, -8*z = -3*z - 4*j - 45. Suppose 0 = x - 0*x + z. Let l = x - -22. What is the units digit of l?
9
Let y = 43 - 70. Let j = y + 23. What is the units digit of (-2)/j - 5/(-2)?
3
Suppose -3*q + 2*z - 2 = 0, 7*q - z = 4*q - 4. Let l be ((-156)/(-65))/(q/(-120)). Suppose r - l = -3*r. What is the tens digit of r?
3
Let h = 55 - 52. Suppose 2*j - 173 = -u, u - 5*j + 348 = h*u. What is the hundreds digit of u?
1
Let h = 26 + -22. Let r(v) = 24*v - 4. Let s be r(h). Let d = s - 47. What is the tens digit of d?
4
Let o(h) = -h**3 + 8*h**2 - 7*h - 4. Let k be o(7). Let l be (44/6)/(k/24). What is the tens digit of (l/6)/((-9)/27)?
2
Let y be 6*((-69)/(-6) - -1). Let p be 50 + 0/(-3) + (1 - -2). Let s = y - p. What is the tens digit of s?
2
Let x = 65 - 66. What is the units digit of (22/(-6))/(24/(-18) - x)?
1
Suppose -2*n + 2*d = 3 + 3, 3*n + 3*d = 21. Let w(j) = 2*j**n + 4 - 9 + 4 - 13*j. What is the units digit of w(9)?
4
Let f(d) = 52*d**2 + 15*d - 24. What is the units digit of f(3)?
9
What is the hundreds digit of (10 - -4)*(-4842)/(-18)?
7
Suppose -36 = -4*a - 100. Suppose -3*i + 27 = -24. Let u = a + i. What is the units digit of u?
1
Let n(w) = -2 + 37*w**2 + w + 77*w**2 + 4*w**2. What is the units digit of n(1)?
7
Let a = -290 + 917. What is the tens digit of a?
2
Suppose -101682 = -41*h + 16357. What is the units digit of h?
9
Let s(d) be the third derivative of d**2 + 1/15*d**5 + 7/24*d**4 - 1/2*d**3 + 0 - 1/120*d**6 + 0*d. What is the units digit of s(5)?
7
Suppose 0 = 5*w + 4*i - 1073, -5*w + 1091 = 49*i - 51*i. What is the tens digit of w?
1
Let d(k) = k**3 - 8*k**2 + 30*k + 14. What is the units digit of d(6)?
2
Let m = 9 - 7. Suppose 2*g + z = 34, z = -m*z + 12. What is the tens digit of g?
1
Let o(d) = d**3 - 24*d**2 - 23*d - 45. Let i be o(25). Suppose i + 301 = c. What is the tens digit of c?
0
Let y(x) = 19*x. Let l(s) = 28*s. Let i(d) = 5*l(d) - 7*y(d). Let o be i(1). What is the units digit of 2/o - 2779/(-49)?
7
Suppose 5*z - 3*z - 145 = w, -3*z + 230 = w. Suppose -2*o - g = -5 - z, -119 = -3*o - g. What is the tens digit of o?
3
Suppose 0 = -w + 7 - 4. Let a(j) = w*j**3 + 0*j + 3*j - 3*j**3 + j**3 + 2 + 4*j**2. What is the units digit of a(-3)?
2
Let j(s) = -18. Let y(v) = v - 17. Let p(l) = -3*j(l) + 2*y(l). Let m be p(14). Suppose 4*n - m = -12. What is the units digit of n?
9
Let u = 5904 - 2945. What is the hundreds digit of u?
9
Suppose q = -23*g + 19*g + 2174, 2*g - q - 1090 = 0. What is the units digit of g?
4
Suppose -5*r + 3*q + 32 = 0, 2*r - 5*q - 20 - 8 = 0. Suppose -50 = -r*l + 454. What is the units digit of l?
6
Let t(w) = -w**2 - 37*w + 13. What is the tens digit of t(-30)?
2
Suppose 0 = -39*a - 16*a + 54450. What is the tens digit of a?
9
Suppose -2*m + f + 57 = 2*m, 0 = -3*m - 5*f + 14. Suppose -m*j + 15 = -8*j. What is the units digit of j?
3
What is the tens digit of (34132/(-12))/7*-3?
1
Let d(j) = -9*j + 115. What is the hundreds digit of d(-35)?
4
Let q be 1/(-1 - (-5)/10). What is the tens digit of (-523)/(-7) + q/(-7)?
7
Let h(u) = -u**3 - 18*u**2 - 11*u + 4. Let f be h(-17). Let z = f - -194. What is the units digit of z?
6
Let l be (-2 - (-8)/6) + 10659/(-9). What is the units digit of l/(-9) - 2/3?
1
Let q(g) = 2*g**2 - g + 5. Let i be q(3). Let w = i + -14. What is the units digit of -5 - -45 - w/2?
7
Let m(h) = 21*h**2 + 676*h + 14. What is the tens digit of m(-33